= -5*j - 2*b - 9, 2*j + 24 = -j + 5*b. Let v = -6 - j. Let w = v - -6. What is a(w)?
4
Let g(i) = -2*i**2 - 4*i + 1. Suppose -4*z = -5*j - 25, 0 + 5 = -4*z - j. Let a be 2 + (z - 1) + -4. Give g(a).
-5
Let f(k) be the first derivative of k**4/8 + k**3/3 - 3*k**2/2 + 3. Let n(v) be the second derivative of f(v). Give n(-2).
-4
Let v(w) = w**3 + 10*w**2 - 10*w + 7. Let f be v(-11). Let d be (-6)/(-2)*f/6. Let u(s) = -5 - 3*s - s**2 + 2 + s. Determine u(d).
-3
Let h(p) = -p**2 - p**3 - 1 + 5*p**3 + 3*p**2. Let g = -2 - -5. Suppose -g*z + 1 + 2 = 0. Calculate h(z).
5
Let k(f) = f**2 + f. Let u(h) = -3*h**2 + h. Let b(a) = -2*k(a) + u(a). Calculate b(-2).
-18
Let o(j) = 14 + j + 9 - 15. What is o(0)?
8
Let u(x) = -x**2 - 5*x + 6. Let q be 2/(-6) - (-43)/3. Suppose 2*d + q = -t, -17 = d + 2*t + t. Determine u(d).
6
Let v be (6/(-7))/(18/(-84)). Let z(j) be the second derivative of j**3/6 - 4*j**2 + 3*j. Calculate z(v).
-4
Let z(x) = -2*x + 1. Let q(b) = b**2 + 11*b - 1. Let v be q(-11). What is z(v)?
3
Let v(q) = q + 8. Let x = -15 + 10. Calculate v(x).
3
Let t(q) be the second derivative of 2*q**4/3 - q**3/6 + 161*q. Let z = -8 + 11. Suppose -z*h = 5 - 8. What is t(h)?
7
Let v be ((-36)/30)/((-3)/10). Let i(w) = -w**3 + 3*w**2 + 7*w - 6. Determine i(v).
6
Let q(s) = s**3 - s**2 - s - 2. Let z be 4*(3 - (-2)/(-2)). Suppose z*n - 7*n = 0. Let i = 2 + n. Give q(i).
0
Let o(m) = -m**3 + 3*m**2 - 3*m + 2. Suppose -5*l - 4 = -29. Suppose 3*y = -5*b - 5, 0 = l*b - 0*y - 4*y - 30. Give o(b).
0
Let w(f) = f**3 - 3*f**2 + 2*f - 1. Let i(p) = -p**2. Let z(x) = 6*i(x) - w(x). Suppose 0 = -3*l + 6, 2*l + 2 = -2*j. Determine z(j).
7
Let u(w) = -4*w + 5*w - 7*w**2 + 0*w**2. Give u(1).
-6
Let s(g) be the first derivative of -g**4/4 - g**3 - 3*g + 8. Calculate s(-4).
13
Let a = 6 + -6. Let w(x) = 4*x + a*x - 2*x**2 - 3*x. Let o(l) = l. Let f be o(-1). Determine w(f).
-3
Suppose 0 = 5*b + 39 - 14. Let c(r) = -r**3 - 6*r + 4 - 6*r**2 + 4*r - r. Calculate c(b).
-6
Let x(v) = v**2 - 3*v - 2. Let o = -95 - -99. Determine x(o).
2
Suppose 2*q - 3*q = -5. Let z(n) = n**2 - 4*n - 2. Determine z(q).
3
Let j(h) = -h - 2. Let i be j(-1). Let t(a) = 3*a**2 + a. Give t(i).
2
Suppose -w - 3 = -4. Let q = 1 + -1. Let o(f) = q - 3 + 2 + f - f**2 + f. Give o(w).
0
Let m(p) be the first derivative of p**3/3 - p**2/2 + p + 1. Let b = -13 - -13. What is m(b)?
1
Let p(s) be the second derivative of -s**5/20 - 7*s**4/12 - s**3 - 3*s**2/2 + s. Let o(l) = l**2 + 15*l + 38. Let q be o(-4). What is p(q)?
-3
Let h(z) = -z**3 + 2. Let f be h(0). Let b(s) = -2*s - 1 + 3*s - f*s + 3. What is b(3)?
-1
Let h(u) = u**2 - 5*u + 2. Suppose 0 = -4*l + 24 + 28. Suppose 3*i + 1 - l = 0. Let w = 9 - i. Determine h(w).
2
Let h(d) = -d**2 - 3*d + 3. Suppose -4*m + 8 = -2*m. Suppose 16 = -4*s - m. Calculate h(s).
-7
Let t(b) = 6 - 11 - 3 - 7*b + b**2. Give t(7).
-8
Let f(x) = -x**3 + 4*x**2 - x. Suppose 4*p - 15 = -p. Suppose p*k = k + 4. Let h be f(k). Let t(g) = -g**2 + 8*g - 7. Determine t(h).
5
Let s(a) = a**3 - 2*a**2 - 3*a - 3. Let t(l) be the first derivative of -l**4/4 + 3*l**3 - l**2/2 + 12*l - 2. Let n be t(9). Determine s(n).
-3
Let w(z) = z**2 + 2*z - 5. Let l(c) = -1. Let f(d) = 3*l(d) - w(d). Determine f(2).
-6
Let n(i) be the second derivative of i**4/6 - i**2 + 74*i. Suppose -5*t - 1 - 4 = 5*m, -3*t + 5 = -m. Determine n(m).
6
Let d be 2/6 - 56/(-12). Let h(i) = -3*i - 2*i**2 + d*i**3 + 3*i - 1 + 3*i**2. Suppose 4 = 3*r + r. Give h(r).
5
Let c(s) = -s**2 + 6*s - 4. Suppose 3*z - 3 = 2*z. Suppose 7 = z*i - 29. Suppose f + 2*f - k = i, 4*f + k - 9 = 0. Determine c(f).
5
Let o be (-3)/(-7) + 150/42. Let n = -1 + 1. Let q(g) = -6 + n*g + g + 5*g - g**2. What is q(o)?
2
Suppose 0 = -x - 0*x + 7. Suppose -3*h + x*h = -8. Let a(y) be the first derivative of y**4/4 + y**2/2 + y + 4. Give a(h).
-9
Let q(m) = -18 - 19 - 3*m**2 - 7*m + 40 + m**3. Give q(5).
18
Let f(b) = -2*b**2 + 3*b - 3. Let g = 2 + 6. Suppose -3*j = -1 - g. Suppose 3*v = -2*s + 8, -j = -v - 3*v + 5*s. Determine f(v).
-5
Let x be -3 + 44/12 + 2/(-3). Let y(u) = -u**2 + u - 3. Let f(b) = 2*b**2 - b + 4. Let r(q) = 2*f(q) + 3*y(q). Give r(x).
-1
Let l(d) = -d**3 - 4*d**2 + 6*d + 1. Let b = 12 - 10. Suppose -5*c = 2*q + 25, -7*c + b*q - 25 = -2*c. What is l(c)?
-4
Let f(g) = -29*g**2 + 3*g. Let t(d) = -10*d**2 + d. Let o(m) = 6*f(m) - 17*t(m). Let c = 31 + -19. Suppose -7 = 2*a - 3*r, 3*a - c = -r - 2*r. Calculate o(a).
-3
Suppose -1 = g - 3. Let x(q) = q. Let b be x(1). Let d(c) = 2*c - g*c**2 + c**2 + b + c. Determine d(4).
-3
Let x(s) = -s**2 - s + 1. Let y(w) = 2*w - 2. Let r(d) = 3*x(d) + y(d). Let q(l) = -l**2 + 5*l - 3. Let b be q(4). What is r(b)?
-3
Let j(s) = 4*s - 2. Let r be (-2)/(-1 - -3)*1. Suppose -3*x + 9 = 0, -3*n + 6*n = 2*x - 3. Let p = n - r. Determine j(p).
6
Let k(z) be the third derivative of 0 - 1/8*z**4 + 0*z + 1/60*z**5 - 1/6*z**3 + 2*z**2. Give k(-2).
9
Let h(y) = y - 3. Let n be h(0). Let s(a) = -a**2 - 4*a - 1. Let o(m) = m. Let b = -6 - -4. Let i(j) = b*s(j) - 4*o(j). What is i(n)?
8
Let n(d) = -2 - 5 - 562*d + 561*d. Calculate n(0).
-7
Let c(f) = 3*f**2 - 3*f - 1. Suppose 5*l = 8 + 7. Suppose 8 = l*d - 1. Let i(m) = -4*m**2 + 3*m. Let r(o) = d*c(o) + 2*i(o). What is r(5)?
7
Let o(b) = -21 + 4 + 12 - 4*b**2 - b**3 + 3 - 5*b. What is o(-3)?
4
Let l(h) = h**2 + 4*h - 7. Let z be l(-6). Let x(w) = z*w**2 - 2*w**2 - 4*w**2 - 2 + 3*w. Determine x(3).
-2
Let v be 1/(0 + 2 + -1). Let t(s) = -2*s**3 - 2*s + 2. Let l(k) = 1. Let m(y) = v*t(y) - 3*l(y). Suppose -5 + 3 = 2*f. Determine m(f).
3
Let p(x) = -x**3 - 3*x**2 - x. Suppose -2*n + 6*n + 12 = 0. What is p(n)?
3
Let c(y) = -1. Let s(f) = 8*f + 2. Let p(w) = 3*c(w) + s(w). Let u be (4/(-10))/(3/(-15)). Suppose 1 = u*l - 1. Determine p(l).
7
Let s(g) = -2*g**2 - 7*g + 7. Let p(k) = k - 1. Let a(m) = -6*p(m) - s(m). What is a(-2)?
5
Let b(g) = -2*g - 7. Let y = 5 + -7. Let n be y/(-2) + 6 + -13. Determine b(n).
5
Let f(x) = -x**3 - 7*x**2 - 4 + 1 + 2*x**2 - 2*x**2 - 8*x. Determine f(-5).
-13
Let w(d) = 3*d - 9. Let g(b) = 4*b - 1. Let t be g(3). Let y = t - 5. What is w(y)?
9
Let n(d) = -d + 1. Suppose j - 12 + 6 = 0. Suppose j*p - 8*p = 0. Determine n(p).
1
Suppose -2*r + 5 = -3. Suppose k = -0*k - r. Let f(l) = -2*l - 2. Let g be f(k). Let a(o) = o + 1. What is a(g)?
7
Let s(d) be the third derivative of d**6/120 - d**5/12 + d**4/8 + 5*d**3/6 - 17*d**2. What is s(4)?
1
Let s(d) = 18 - 23 + 2*d - 3*d. Give s(-4).
-1
Suppose -5*z = -23 + 3. Let u be z/(-10) + 126/(-35). Let s be (6/u)/((-4)/8). Let t(v) = v**3 - 4*v**2 + 4*v - 1. Determine t(s).
2
Suppose 0 = -q - 3*d - 3, -2*q + 15 = 3*d - 4*d. Suppose -o = -q*o + 15. Let m(z) = -2*z + 4. Give m(o).
-2
Let v(i) = i - 4. Let u be 1/4 - (-95)/20. Suppose -u*z + 25 = w + 65, 5*w = -2*z - 85. Let a be (-15)/1*5/w. Calculate v(a).
1
Let o(j) = -j**2 + 4*j. Let v be o(3). Let u(l) = l**3 - 2*l**2 - 3*l + 1. Determine u(v).
1
Let u(v) = 2*v - 2. Let t be u(2). Suppose -w + 5*i - t*i = 3, -4*i = 4*w - 20. Let p be (5 - w - 4) + 5. Let n(h) = h**3 - 4*h**2 + 3*h + 2. Determine n(p).
2
Let c = 79 + -77. Let b(y) be the second derivative of -1/2*y**3 - y**2 + c*y + 0. Calculate b(3).
-11
Let s(x) be the first derivative of -x**4/12 - 4*x**3/3 - 2*x**2 + 2*x + 5. Let k(j) be the first derivative of s(j). Calculate k(-6).
8
Let p(j) = -3*j - 8. Let v(w) be the second derivative of w**3/2 + 4*w**2 + 7*w. Let u(z) = -6*p(z) - 7*v(z). Determine u(-6).
10
Suppose 3*z + 2*z = 15. Let i be 16/3 + z/(-9). Let n(t) = -i*t**3 + 2*t**3 + 3 - 2*t + 1 - 3. Give n(1).
-4
Let b = 5 + -4. Let l(d) = 7*d**2 - 1. Let t be l(b). Let o(p) = p**2 - 8*p + 6. Determine o(t).
-6
Let t(b) = b**2 - 5*b + 2. Let l = -8 - -13. Calculate t(l).
2
Let b be 0/(4/(-2) - -6). Let s(w) = -2*w + w + 2 + 2*w + 0. Determine s(b).
2
Let g(r) be the second derivative of -r**5/4 - r**4/12 - r**3/6 + r. Let f(v) = v**3 + 6*v**2 - 9*v - 9. Let w be f(-7). Suppose -4 + 9 = -w*k. Determine g(k).
5
Suppose -5*y + 3*y + 10 = 0. Let f(x) = -4*x**3 - 4*x**2 + 4 + 3*x**3 + y*x - 4*x. Let r(m) = -4*m**2 + m - 1. Let a be r(1). Determine f(a).
0
Let z(y) = -3*y**2 + 8*y. Let f(o) = -2*o**2 + 5*o. Let s(j) = 7*f(j) - 5*z(j). Determine s(5).
0
Let n(g) be the first derivati